{"version":"1.0","provider_name":"MAGAZINE LUXE - Immobilier | Design | Art de vivre","provider_url":"https:\/\/magazineluxe.com\/fr\/","title":"Architecture et nature : l'accord parfait - MAGAZINE LUXE - Immobilier | Design | Art de vivre","type":"rich","width":600,"height":338,"html":"<blockquote class=\"wp-embedded-content\" data-secret=\"kump2IXNE7\"><a href=\"https:\/\/magazineluxe.com\/fr\/architecture-et-nature-laccord-parfait\/\">Architecture et nature : l&rsquo;accord parfait<\/a><\/blockquote><iframe sandbox=\"allow-scripts\" security=\"restricted\" src=\"https:\/\/magazineluxe.com\/fr\/architecture-et-nature-laccord-parfait\/embed\/#?secret=kump2IXNE7\" width=\"600\" height=\"338\" title=\"\u00ab\u00a0Architecture et nature : l&rsquo;accord parfait\u00a0\u00bb &#8212; MAGAZINE LUXE - Immobilier | Design | Art de vivre\" data-secret=\"kump2IXNE7\" frameborder=\"0\" marginwidth=\"0\" marginheight=\"0\" scrolling=\"no\" class=\"wp-embedded-content\"><\/iframe><script type=\"text\/javascript\">\n\/* <![CDATA[ *\/\n\/*! This file is auto-generated *\/\n!function(d,l){\"use strict\";l.querySelector&&d.addEventListener&&\"undefined\"!=typeof URL&&(d.wp=d.wp||{},d.wp.receiveEmbedMessage||(d.wp.receiveEmbedMessage=function(e){var t=e.data;if((t||t.secret||t.message||t.value)&&!\/[^a-zA-Z0-9]\/.test(t.secret)){for(var s,r,n,a=l.querySelectorAll('iframe[data-secret=\"'+t.secret+'\"]'),o=l.querySelectorAll('blockquote[data-secret=\"'+t.secret+'\"]'),c=new RegExp(\"^https?:$\",\"i\"),i=0;i<o.length;i++)o[i].style.display=\"none\";for(i=0;i<a.length;i++)s=a[i],e.source===s.contentWindow&&(s.removeAttribute(\"style\"),\"height\"===t.message?(1e3<(r=parseInt(t.value,10))?r=1e3:~~r<200&&(r=200),s.height=r):\"link\"===t.message&&(r=new URL(s.getAttribute(\"src\")),n=new URL(t.value),c.test(n.protocol))&&n.host===r.host&&l.activeElement===s&&(d.top.location.href=t.value))}},d.addEventListener(\"message\",d.wp.receiveEmbedMessage,!1),l.addEventListener(\"DOMContentLoaded\",function(){for(var e,t,s=l.querySelectorAll(\"iframe.wp-embedded-content\"),r=0;r<s.length;r++)(t=(e=s[r]).getAttribute(\"data-secret\"))||(t=Math.random().toString(36).substring(2,12),e.src+=\"#?secret=\"+t,e.setAttribute(\"data-secret\",t)),e.contentWindow.postMessage({message:\"ready\",secret:t},\"*\")},!1)))}(window,document);\n\/\/# sourceURL=https:\/\/magazineluxe.com\/wp-includes\/js\/wp-embed.min.js\n\/* ]]> *\/\n<\/script>\n","thumbnail_url":"https:\/\/magazineluxe.com\/wp-content\/uploads\/2015\/12\/architecture-design-3.jpg","thumbnail_width":1920,"thumbnail_height":1280,"description":"C\u2019est \u00e0 Saint-Adolphe-d\u2019Howard dans les Laurentides que Jos\u00e9e et Claude ont fait construire le chalet de leur r\u00eave. Ayant pour seul horizon le majestueux lac de la Cabane, la demeure est un v\u00e9ritable havre de paix o\u00f9 il fait bon s\u00e9journer en toutes saisons. &nbsp; En 2011, Jos\u00e9e et Claude, les propri\u00e9taires, visitent l\u2019un des nombreux terrains qu\u2019un de leurs amis d\u00e9sire vendre dans la r\u00e9gion. Ils ont alors le coup de foudre pour cet emplacement exceptionnel. \u00ab\u00a0Nous avons eu un chalet pendant quinze ans \u00e0 Mont-Tremblant, mais nous souhaitions trouver un endroit plus calme\u00a0\u00bb, confie Jos\u00e9e. Ce petit bout de paradis de 100\u00a0000\u00a0pieds carr\u00e9s, situ\u00e9 \u00e0 une heure de route \u00e0 peine de Montr\u00e9al, leur offre en effet la tranquillit\u00e9 absolue au c\u0153ur d\u2019une nature resplendissante. &nbsp; Pendant deux ans, le couple s\u2019attelle \u00e0 ce qu\u2019ils d\u00e9crivent aujourd\u2019hui comme \u00ab\u00a0le projet le plus passionnant, mais aussi le plus stressant de notre vie\u00a0\u00bb\u00a0: la construction du chalet de leurs r\u00eaves. Heureusement, tous deux poss\u00e8dent de bonnes connaissances en design et en architecture, Jos\u00e9e ayant travaill\u00e9 plusieurs ann\u00e9es chez C\u00e9ragr\u00e8s, entreprise sp\u00e9cialis\u00e9e dans la vente de tuiles en c\u00e9ramique, et Claude \u00e9tant urbaniste. De plus, ils font appel au cabinet d\u2019architectes [&hellip;]"}

C’est à Saint-Adolphe-d’Howard dans les Laurentides que Josée et Claude ont fait construire le chalet de leur rêve. Ayant pour seul horizon le majestueux lac de la Cabane, la demeure est un véritable havre de paix où il fait bon séjourner en toutes saisons. &nbsp; En 2011, Josée et Claude, les propriétaires, visitent l’un des nombreux terrains qu’un de leurs amis désire vendre dans la région. Ils ont alors le coup de foudre pour cet emplacement exceptionnel. « Nous avons eu un chalet pendant quinze ans à Mont-Tremblant, mais nous souhaitions trouver un endroit plus calme », confie Josée. Ce petit bout de paradis de 100 000 pieds carrés, situé à une heure de route à peine de Montréal, leur offre en effet la tranquillité absolue au cœur d’une nature resplendissante. &nbsp; Pendant deux ans, le couple s’attelle à ce qu’ils décrivent aujourd’hui comme « le projet le plus passionnant, mais aussi le plus stressant de notre vie » : la construction du chalet de leurs rêves. Heureusement, tous deux possèdent de bonnes connaissances en design et en architecture, Josée ayant travaillé plusieurs années chez Céragrès, entreprise spécialisée dans la vente de tuiles en céramique, et Claude étant urbaniste. De plus, ils font appel au cabinet d’architectes [&hellip;]
